(v) = 37*v - 22. Determine p(1).
15
Let k(g) = g**3 - 37*g**2 + 54*g + 562. Determine k(35).
2
Let y(j) = -j**3 + j**2 + 8*j - 3. What is y(4)?
-19
Let t(h) = h**3 + 47*h**2 - 47*h + 77. What is t(-48)?
29
Let p(l) = 3*l - 11. What is p(4)?
1
Let q(o) = -o**2 - 12*o + 49. Calculate q(3).
4
Let g(t) = 61*t - 10. Calculate g(1).
51
Let k(m) = m**3 + 33*m**2 + 33*m + 27. Give k(-32).
-5
Let b(o) = 26*o - 15. Calculate b(-2).
-67
Let c(x) = -x**2 + 5*x + 67. Determine c(11).
1
Let n(r) = r**2 - 21*r + 22. Give n(20).
2
Let x(d) = -6*d + 18. What is x(14)?
-66
Let m(s) = 18*s - 9. Calculate m(-7).
-135
Let k(y) = -35*y**2 - 6*y - 1. Give k(-1).
-30
Let o(u) = 6*u - 87. What is o(15)?
3
Let v(k) = -11*k - 53. What is v(-3)?
-20
Let k(t) = 7*t - 267. Determine k(37).
-8
Let o(w) = -w**3 + w**2 - 5*w + 7. Calculate o(3).
-26
Let p(d) = d**3 - 15*d**2 + 32*d + 15. Calculate p(12).
-33
Let b(d) = -d**3 + 14*d**2 - 15*d + 12. Determine b(13).
-14
Let f(j) = j**3 + 4*j**2 - 6*j - 7. Calculate f(-5).
-2
Let n(y) = -6*y - 57. Give n(-9).
-3
Let m(l) = -l**3 + l**2 + 3. What is m(-4)?
83
Let h(g) = g**3 - 5*g**2 + 6*g - 5. What is h(4)?
3
Let r(n) = -n**3 + 14*n**2 - 23*n - 4. Give r(12).
8
Let d(w) = 2*w**2 - 31*w - 22. Give d(16).
-6
Let j(t) = 2*t**2 - 11*t + 10. Give j(9).
73
Let n(x) = -x**3 + 3*x**2 + 4*x + 6. Give n(4).
6
Let x(q) = -3*q**2 + 22*q + 14. What is x(8)?
-2
Let m(i) = -2*i**3 - 11*i**2 + 7*i + 15. What is m(-6)?
9
Let y(g) = -g**3 - 2*g**2 - 4*g - 6. Calculate y(-3).
15
Let r(g) = 2*g - 3. Determine r(8).
13
Let p(i) = 2*i**2 - 7*i - 13. What is p(-8)?
171
Let y(l) = -l**2 - 12*l + 110. Give y(6).
2
Let s(r) = -2*r**2 + 15*r - 3. Give s(8).
-11
Let u(i) = -i**3 - i**2 + i + 3. Calculate u(0).
3
Let c(j) = -2*j**3 + 3*j**2 - 5*j + 4. What is c(2)?
-10
Let b(u) = -5*u - 235. What is b(-47)?
0
Let u(f) = -67*f - 2. What is u(-1)?
65
Let o(a) = -6*a + 48. What is o(9)?
-6
Let m(q) = -4*q + 8. Calculate m(3).
-4
Let q(o) = -2*o**2 + o - 2. What is q(-5)?
-57
Let v(x) = -10*x - 562. What is v(-57)?
8
Let j(t) = -2*t - 11. Calculate j(-5).
-1
Let d(j) = -j**3 - 10*j**2 - 22*j - 3. Determine d(-4).
-11
Let p(c) = -c**2 - 12*c - 4. Determine p(-7).
31
Let m(n) = -n**2 - 17*n - 66. What is m(-7)?
4
Let h(k) = -2*k**3 - 2*k**2 + 3*k - 2. Calculate h(-3).
25
Let l(a) = 4*a - 102. Give l(26).
2
Let n(m) = m**3 - 17*m**2 - m + 18. Calculate n(17).
1
Let f(x) = x**2 + 5*x - 8. Give f(-4).
-12
Let g(z) = -z**2 + 2*z + 28. Determine g(-7).
-35
Let w(o) = -4*o**2 - 16*o + 4. Give w(-4).
4
Let n(u) = -40*u + 339. Determine n(8).
19
Let u(m) = -2*m**2 + 6*m + 3. What is u(3)?
3
Let p(v) = v**3 + 25*v**2 - 24*v + 38. Give p(-26).
-14
Let t(c) = 2*c**2 + c - 7. What is t(-7)?
84
Let j(b) = b**2 + b + 2. Give j(-1).
2
Let m(w) = -21*w**3 - 2*w + 1. Calculate m(1).
-22
Let u(y) = -y**3 - 4*y**2 + 18*y + 60. Determine u(-5).
-5
Let v(h) = -h**2 - 2*h + 22. Determine v(5).
-13
Let r(x) = -2*x**2 + x + 6. What is r(0)?
6
Let r(i) = 16*i + 1. Calculate r(3).
49
Let p(l) = 3*l + 42. What is p(-24)?
-30
Let f(n) = -n**3 - 6*n**2 + 10*n + 23. What is f(-7)?
2
Let q(k) = k**3 - 3*k**2 - 4*k + 5. Determine q(3).
-7
Let o(a) = 9*a - 61. Calculate o(7).
2
Let j(h) = h**2 - 7*h - 14. What is j(0)?
-14
Let h(f) = -f - 22. Give h(8).
-30
Let o(c) = -6*c + 239. What is o(39)?
5
Let w(f) = 27*f**2 - 4. What is w(-2)?
104
Let j(c) = -2*c**2 - 3*c - 4. What is j(-4)?
-24
Let d(o) = o**2 + 10*o + 18. Give d(-9).
9
Let a(w) = -17*w + 2. Calculate a(2).
-32
Let t(m) = -6*m**2 - 55*m + 3. Calculate t(-9).
12
Let h(z) = z**3 + 18*z**2 + 31*z - 10. Give h(-16).
6
Let q(v) = 3*v**2 - 30*v - 23. Determine q(13).
94
Let l(s) = -15*s**2 + 5*s + 5. Give l(-1).
-15
Let r(n) = -n**3 - 10*n**2 - 11. Calculate r(-10).
-11
Let g(f) = 9*f + 4. Calculate g(-6).
-50
Let y(s) = s**2 - 3*s - 8. What is y(5)?
2
Let h(m) = m**2 - 10*m + 17. Give h(4).
-7
Let y(i) = 6*i**3 - 2*i**2 - 2*i + 3. What is y(1)?
5
Let m(n) = -10*n + 72. Give m(7).
2
Let x(p) = -37*p + 184. What is x(5)?
-1
Let j(c) = 98*c - 1184. Give j(12).
-8
Let k(v) = 9*v**3 + 3*v**2 - v + 1. Calculate k(-2).
-57
Let z(b) = -23*b + 83. Determine z(4).
-9
Let a(m) = -6*m**2 - 2. Determine a(3).
-56
Let j(g) = g**3 + 10*g**2 + g + 26. Calculate j(-10).
16
Let y(l) = -l**3 + 13*l**2 - 7*l - 15. Give y(12).
45
Let r(u) = u**3 - 7*u**2 + 2*u - 17. Give r(7).
-3
Let w(z) = -z**3 + 5*z**2 - z - 10. What is w(4)?
2
Let x(a) = 35*a - 352. What is x(10)?
-2
Let v(n) = 2*n**3 - 27*n**2 - 14*n + 5. What is v(14)?
5
Let p(m) = -m**2 - m - 51. Calculate p(0).
-51
Let r(a) = -a**2 + 11*a + 26. What is r(13)?
0
Let c(b) = 2*b**3 - b**2 - 5*b + 5. What is c(3)?
35
Let x(t) = -14*t**2 + t + 1. What is x(-1)?
-14
Let v(w) = w**3 + 8*w**2 + 8*w - 3. Give v(-8).
-67
Let i(m) = 2*m**2 - 7*m - 10. Determine i(-5).
75
Let i(r) = 4*r**2 - 63*r + 20. Calculate i(16).
36
Let q(r) = r**3 - 2*r**2 + r + 4. Calculate q(2).
6
Let n(k) = k**3 + 8*k**2 + 5*k - 16. What is n(-7)?
-2
Let q(i) = -31*i + 117. Give q(4).
-7
Let x(v) = -v**3 - 14*v**2 + v + 1. Calculate x(-14).
-13
Let t(o) = -9*o - 3. Determine t(-2).
15
Let i(q) = q + 21. Give i(9).
30
Let m(u) = u**3 - 11*u**2 - 11*u + 19. Give m(12).
31
Let y(s) = -s**3 + 5*s**2 - 2*s + 2. What is y(5)?
-8
Let r(u) = -u**2 - 2*u + 29. What is r(0)?
29
Let p(t) = -t**3 + 32*t**2 - 3*t + 42. Give p(32).
-54
Let r(i) = -i**3 - 9*i**2 - 20*i - 14. Determine r(-6).
-2
Let p(d) = -6*d - 43. Calculate p(-6).
-7
Let c(m) = m**3 - 13*m**2 + 2*m - 29. Calculate c(13).
-3
Let c(d) = d**3 + d**2 - 14*d + 27. What is c(-5)?
-3
Let x(q) = 2*q**3 - 3*q**2 + 5*q - 2. Determine x(2).
12
Let h(r) = -r**3 - 5*r**2 - 2*r + 12. What is h(-5)?
22
Let q(z) = 15*z + 10. Calculate q(-2).
-20
Let c(p) = -21*p**3 - 2*p**2 + 2. Calculate c(1).
-21
Let s(n) = n**2 - 7*n + 44. What is s(0)?
44
Let l(a) = a**3 - 18*a**2 + 32*a + 7. What is l(16)?
7
Let a(c) = c**3 + 11*c**2 + 7*c - 1. Calculate a(-10).
29
Let t(p) = p**2 - 2*p + 4. Determine t(3).
7
Let r(o) = -15*o**2 - o + 1. What is r(1)?
-15
Let n(w) = w**3 - 5*w**2 - 5*w + 4. Give n(6).
10
Let f(b) = -6*b**3 + 119*b**2 + 21*b - 30. Determine f(20).
-10
Let y(m) = m**3 - 13*m**2 - 15*m + 21. Determine y(14).
7
Let k(w) = -24*w - 156. Calculate k(-7).
12
Let t(w) = -2*w + 43. Calculate t(24).
-5
Let w(a) = -9*a + 22. Determine w(4).
-14
Let k(f) = -2*f**3 - 9*f**2 - 5*f + 12. Calculate k(-6).
150
Let o(w) = w**3 - 3*w**2 - 2*w + 7. What is o(3)?
1
Let g(l) = l**2 - l + 5. What is g(-3)?
17
Let a(u) = 5*u + 22. Calculate a(6).
52
Let j(g) = 9*g - 2. Calculate j(2).
16
Let d(m) = 16*m**2 + m + 1. Calculate d(1).
18
Let r(d) = d**2 + 28*d - 128. Determine r(-32).
0
Let b(y) = -y**3 + y**2 - 3*y - 15. What is b(0)?
-15
Let j(p) = p**3 - 15*p**2 + 26*p - 44. Give j(13).
-44
Let j(p) = p**2 - 6*p + 8. Determine j(6).
8
Let v(l) = l + 28. Give v(0).
28
Let d(n) = 5*n - 51. Calculate d(8).
-11
Let o(k) = k**3 + 4*k**2 + 7*k + 5. What is o(-4)?
-23
Let g(l) = l**3 + 5*l**2 + l - 2. Determine g(-5).
-7
Let u(z) = z**3 - 6*z**2 + 11*z - 10. Calculate u(5).
20
Let d(v) = v - 18. Give d(11).
-7
Let h(z) = -z + 17. Determine h(9).
8
Let n(s) = s**3 - 6*s**2 + 4*s + 2. Give n(4).
-14
Let l(b) = 2*b**2 - b + 4. What is l(-3)?
25
Let p(i) = i**3 - 8*i**2 + 8*i - 1. Give p(7).
6
Let p(w) = 30*w**2 - 3*w + 2. Give p(1).
29
Let l(m) = -m - 42. Calculate l(10).
-52
Let n(s) = 2*s**2 - 5*s + 3. What is n(3)?
6
Let k(l) = -l**2 - 15. What is k(0)?
-15
Let p(k) = -4*k**2 - k - 5. Give p(-4).
-65
Let t(p) = 5*p - 262. Determine t(47).
-27
Let v(n) = -5*n**3 - 2*n**2 + 2*n - 1. What is v(1)?
-6
Let m(o) = 72*o**2 - 2*o. Give m(-1).
74
Let h(r) = -r**3 - 7*r**2 - 13*r - 1. Calculate h(-3).
2
Let x(c) = c**3 + 14*c**2 - 12*c + 47. Determine x(-15).
2
Let q(h) = 2*h**3 - 13*h**2 + 4*h + 2. Calculate q(5).
-53
Let x(t) = 21*t + 25. Give x(-1).
4
Let a(d) = -13*d + 403. Calculate a(31).
0
Let l(u) = u**2 + 9*u - 21. Determine l(-10).
-11
Let k(o) = 5*o + 64. Give k(-20).
-36
Let u(f) = -f**3 - 9*f**2 - 7*f + 6. Determine u(-8).
-2
Let x(y) = y**2 - 10*y - 27. Calculate x(12).
-3
Let r(i) = i**3 + i - 1. Calculate r(-2).
-11
Let o(r) = r**3 - 13*r**2 - 13*r - 20. Give o(14).
-6
Let y(o) = 3*o**2 + 1. Calculate y(1).
4
Let m(v)